 - 2)*-1*20. Calculate the greatest common divisor of f and 72.
8
Let x(t) = -6*t**2 + 110*t - 56. Let j be x(17). What is the highest common factor of j and 70?
10
Let y = -273 + 284. Let t = 454 + -319. Suppose -3*v + t + 30 = 0. Calculate the highest common factor of v and y.
11
Let h be ((-810)/(-216))/(-1*(-3)/616). What is the highest common factor of 440 and h?
110
Suppose -33*m - 2 + 431 = 0. Calculate the highest common factor of 650 and m.
13
Let t(p) = -p**3 - 13*p**2 + 12*p - 26. Let x be (465/(-27) - 6/(-27)) + 3. Let b be t(x). Let q = -3 - -4. What is the highest common factor of b and q?
1
Let s(b) = -b**3 - 30*b**2 - 58*b - 53. Let x be s(-28). Calculate the greatest common factor of x and 87.
3
Suppose -4*o = -13*o + 405. Calculate the greatest common factor of o and 27.
9
Suppose 2*c + 4*p = c + 14, 3*p = 5*c - 1. Suppose -c*h + 7*h = 280. Let l = 1028 + -1014. Calculate the greatest common divisor of l and h.
14
Let z be -7*((-3)/(-3) - 2). Suppose 6*m - 49 + z = 0. Calculate the greatest common divisor of 7 and m.
7
Let j be 0 - 4 - -4 - -2 - -12. Calculate the highest common factor of j and 4.
2
Let j be -1*5/3*(-56 + 11). What is the highest common factor of j and 1000?
25
Let w = 21 + -17. Suppose -w*k + 60 = 2*k. What is the highest common factor of k and 10?
10
Let q = -374 - -515. Calculate the highest common factor of q and 3.
3
Suppose 0 = 26*w - 25*w - 4*v - 48, -5*v - 15 = w. Let u(i) = i + 4. Let r be u(4). Calculate the highest common divisor of r and w.
4
Let k = 153 + -119. What is the highest common divisor of 272 and k?
34
Let t = 95 - 90. Let o(y) = -y**3 + 4*y**2 + 8*y + 5. Let h be o(t). Calculate the greatest common divisor of 12 and h.
4
Let x = 81 + -36. Let l(h) = -2*h - 3. Let t be l(-3). Suppose 33 + t = 2*f. Calculate the highest common divisor of x and f.
9
Suppose -203*a = -207*a + 1664. Calculate the greatest common divisor of a and 26.
26
Let y be (-168)/(-390)*5 + (-4)/26. Suppose -145 = -y*l - 3*i, -4*i - 287 = -4*l + 33. Calculate the greatest common divisor of 11 and l.
11
Suppose k + 22 - 51 = 0. Suppose -n + k = 3*n - b, 0 = -2*n - 3*b + 25. What is the greatest common divisor of 88 and n?
8
Let m = 17215 - 11903. Calculate the greatest common divisor of 64 and m.
64
Let d be 2/4 + 69/46 - 7. Let l(w) = 0*w - 4 - 1 - 3*w. Let i be l(d). What is the greatest common divisor of i and 50?
10
Let l(d) = d**3 - 11*d**2 + 3*d - 4. Let s be l(12). Suppose 2*p = -5*x + 103 + 13, -82 = -4*x + 2*p. What is the highest common factor of s and x?
22
Let z(x) = 2*x**2 - 123*x + 636. Let g be z(56). Let d(b) = -2*b**3 - 3*b**2 - b. Let u be d(-5). What is the highest common divisor of g and u?
20
Let q = -37 - -41. Suppose q = o + 3*o, -98 = -4*x - 2*o. Calculate the greatest common factor of 12 and x.
12
Suppose -5*a - 67 = -17. Let b(d) be the first derivative of -9*d**2/2 - 10*d + 2. Let o be b(a). What is the highest common factor of 10 and o?
10
Suppose n - 33 = -4*m - 9, -4*n = -5*m - 54. Calculate the highest common divisor of 52 and n.
4
Let n = -34 + 14. Let j be (-7)/((5/n)/(2/8)). What is the highest common factor of j and 7?
7
Suppose 30*m - 35*m = -j + 75, -4*j + m + 281 = 0. Calculate the greatest common factor of j and 1680.
70
Suppose 0*o = -5*o - d + 72, -27 = -2*o - d. Let n = 53 + o. What is the greatest common factor of n and 170?
34
Suppose m = 20 + 29. Let n = m + 8. Calculate the greatest common factor of 38 and n.
19
Let h(s) = s**2 + s - 3. Let y be h(6). Let b be 11/13 + 6/y. Let l be -3*(3/(-9) - b). Calculate the greatest common factor of 1 and l.
1
Let w(q) = -q**2 + 11*q - 17. Let t be w(13). Let c = 74 + t. What is the greatest common factor of c and 62?
31
Let a = 6 + -6. Suppose -14*d + 13*d = a. Suppose d = 3*u - 5*u + 84. What is the greatest common factor of u and 6?
6
Suppose n - 3*n + 4 = 0. Let u be n/(-3) - 238/(-6). Calculate the greatest common divisor of 351 and u.
39
Let c(s) = s**3 + 9*s**2 + s + 12. Let q be c(-9). Suppose q*h = 11 - 5. Calculate the highest common divisor of h and 1.
1
Suppose 8 = 2*f + 3*v + 1, -3*f + 2 = -4*v. Suppose -48 = -w + f*d, -2*w - 3*d = w - 108. What is the greatest common factor of w and 10?
10
Suppose -119 = -a - 2*q, 10*a = 5*a - 4*q + 589. Calculate the highest common factor of a and 169.
13
Let s(v) = v + 16. Let p be s(7). Suppose -3*z = -5*o - 0*z - p, 0 = -o + 2*z + 1. Let u = 6 - o. What is the highest common factor of u and 104?
13
Let r(k) = 4*k**3 - 4*k**2 - 7*k. Suppose 4*m - 17 = u, 2*m + 8*u + 19 = 3*u. Let v be r(m). What is the greatest common divisor of 17 and v?
17
Suppose -4*m + 25 = 5*b - 6, 4*b = m + 8. Suppose 4*c + c = 160. Let w = c + -4. Calculate the highest common factor of m and w.
4
Let m = 336 - 224. Let g = -906 + 920. Calculate the greatest common factor of g and m.
14
Suppose c = -0*c + 19. Let s(n) = -21*n + 97 - 122 - 5*n. Let v be s(-9). What is the highest common divisor of c and v?
19
Let b = 7 + -10. Let u be b/(-2)*(-5 + 1). Let a = u - -9. Calculate the greatest common factor of 6 and a.
3
Let h(g) = -12*g + 29. Let k be h(10). Let n = 251 + k. Calculate the greatest common factor of n and 20.
20
Suppose 5*w = 4*x + 106, 0*w = -4*w - x + 68. Let u(t) = t**2 + 3*t - 9. Let z be u(6). Let f = 117 + z. Calculate the highest common factor of f and w.
18
Suppose -3*f + 5*q + 349 = -66, -4*q = -3*f + 410. What is the greatest common divisor of 182 and f?
26
Let x(m) = -m**2 - 18*m + 22. Let w be x(-19). Suppose -w*o - 21 = -249. What is the highest common divisor of o and 57?
19
Suppose v - 5*v = -3*l + 1204, 5*l - 2065 = -5*v. Calculate the greatest common divisor of l and 12.
12
Suppose 0 = -0*a + 3*a - 15. Suppose 3*v = -12, -a*v = b - 34 - 11. Suppose -5*z + 75 + b = 0. What is the highest common divisor of 280 and z?
28
Suppose 149 = i - 5*c, -4*i = -2*c - 531 - 155. What is the greatest common factor of i and 6?
6
Let o(i) = -9*i - 67. Let a be o(-9). What is the highest common factor of 70 and a?
14
Suppose -15 = 693*g - 694*g. Calculate the highest common factor of 110 and g.
5
Let r = -40 - -76. Suppose 2*z = -3*z - 40. Let q be 3/(18/z)*-9. Calculate the greatest common factor of r and q.
12
Let j = 57 + -17. Let t = -20 - -36. What is the greatest common divisor of j and t?
8
Let c(o) = o**3 + 7*o**2 - 9*o + 11. Let g be c(-8). Let b(u) = g*u + 3*u + 12*u - 6*u. Let a be b(6). What is the greatest common divisor of 21 and a?
21
Let p = -48 + 26. Let y = 64 + p. What is the highest common factor of 63 and y?
21
Let v = 2 + 13. Let g be 53/(-4) + 4/16. Let j = v + g. What is the greatest common divisor of 2 and j?
2
Let y be -545*(-2)/(6 + -1 + 0). Suppose 4*i - 214 = 4*w - 5*w, w - y = -5*i. Calculate the highest common factor of w and 22.
22
Suppose -w = 2*w + 9, -5*a + 1622 = -4*w. Calculate the greatest common factor of 14 and a.
14
Suppose 0 = -36*d + 32*d + 8. Suppose 4*h = 3*f + 17, d*h + f - 36 = -3*f. What is the greatest common factor of 32 and h?
8
Suppose 5*f - 230 = -3*t, -2*f + 0*f - 202 = -3*t. Let g be (12/(-15))/((-4)/t). What is the greatest common factor of g and 154?
14
Suppose 0 = -116*t + 115*t + 2. What is the highest common factor of t and 6?
2
Let j(a) = 81*a + 70. Let k be j(5). What is the highest common divisor of 100 and k?
25
Let u(i) = -20*i - 402. Let k be u(-32). What is the greatest common factor of k and 42?
14
Let i be (-3)/(9/(-2)) - (-1476)/54. What is the greatest common divisor of i and 119?
7
Let j = 18 + -14. Suppose 0 = -j*k + 1 + 23. Suppose -c + k*c = 15. Calculate the highest common divisor of c and 24.
3
Let z be (-2)/12 - (74/(-12) - -1). Suppose -f + 67 = -z. Calculate the highest common divisor of f and 18.
18
Let m be 4330/25 + -1 - 7/35. What is the greatest common divisor of m and 28?
4
Let a(h) = 2*h**2 - 42*h - 132. Let u be a(25). What is the greatest common factor of u and 1156?
68
Let z(k) = 9*k**2 - 1. Let m be z(-3). Suppose t + 40 = 3*t. Calculate the highest common divisor of t and m.
20
Let r = -6 - -8. Suppose 9 = r*n - 5. Suppose 0 = -n*y + 2*y + 5, -3*y = -g + 3. Calculate the highest common factor of 66 and g.
6
Let j be ((-3)/((-3)/2))/(46/483). Calculate the greatest common factor of j and 48.
3
Let h(f) = 8*f +